{"id":1521,"date":"2021-02-24T12:45:50","date_gmt":"2021-02-24T11:45:50","guid":{"rendered":"https:\/\/www.proyectohombreprovinciacadiz.org\/?page_id=1521"},"modified":"2021-02-24T12:56:53","modified_gmt":"2021-02-24T11:56:53","slug":"patronato","status":"publish","type":"page","link":"https:\/\/www.proyectohombreprovinciacadiz.org\/index.php\/patronato\/","title":{"rendered":"Patronato"},"content":{"rendered":"\t\t<div data-elementor-type=\"wp-page\" data-elementor-id=\"1521\" class=\"elementor elementor-1521\" data-elementor-post-type=\"page\">\n\t\t\t\t\t\t<section class=\"elementor-section elementor-top-section elementor-element elementor-element-c45cc97 elementor-section-boxed elementor-section-height-default elementor-section-height-default\" data-id=\"c45cc97\" data-element_type=\"section\" data-settings=\"{&quot;jet_parallax_layout_list&quot;:[{&quot;jet_parallax_layout_image&quot;:{&quot;url&quot;:&quot;&quot;,&quot;id&quot;:&quot;&quot;,&quot;size&quot;:&quot;&quot;},&quot;_id&quot;:&quot;6ee5d87&quot;,&quot;jet_parallax_layout_image_tablet&quot;:{&quot;url&quot;:&quot;&quot;,&quot;id&quot;:&quot;&quot;,&quot;size&quot;:&quot;&quot;},&quot;jet_parallax_layout_image_mobile&quot;:{&quot;url&quot;:&quot;&quot;,&quot;id&quot;:&quot;&quot;,&quot;size&quot;:&quot;&quot;},&quot;jet_parallax_layout_speed&quot;:{&quot;unit&quot;:&quot;%&quot;,&quot;size&quot;:50,&quot;sizes&quot;:[]},&quot;jet_parallax_layout_type&quot;:&quot;scroll&quot;,&quot;jet_parallax_layout_direction&quot;:null,&quot;jet_parallax_layout_fx_direction&quot;:null,&quot;jet_parallax_layout_z_index&quot;:&quot;&quot;,&quot;jet_parallax_layout_bg_x&quot;:50,&quot;jet_parallax_layout_bg_x_tablet&quot;:&quot;&quot;,&quot;jet_parallax_layout_bg_x_mobile&quot;:&quot;&quot;,&quot;jet_parallax_layout_bg_y&quot;:50,&quot;jet_parallax_layout_bg_y_tablet&quot;:&quot;&quot;,&quot;jet_parallax_layout_bg_y_mobile&quot;:&quot;&quot;,&quot;jet_parallax_layout_bg_size&quot;:&quot;auto&quot;,&quot;jet_parallax_layout_bg_size_tablet&quot;:&quot;&quot;,&quot;jet_parallax_layout_bg_size_mobile&quot;:&quot;&quot;,&quot;jet_parallax_layout_animation_prop&quot;:&quot;transform&quot;,&quot;jet_parallax_layout_on&quot;:[&quot;desktop&quot;,&quot;tablet&quot;]}]}\">\n\t\t\t\t\t\t<div class=\"elementor-container elementor-column-gap-default\">\n\t\t\t\t\t<div class=\"elementor-column elementor-col-50 elementor-top-column elementor-element elementor-element-45901dd\" data-id=\"45901dd\" data-element_type=\"column\">\n\t\t\t<div class=\"elementor-widget-wrap elementor-element-populated\">\n\t\t\t\t\t\t<div class=\"elementor-element elementor-element-7051e7c elementor-widget elementor-widget-heading\" data-id=\"7051e7c\" data-element_type=\"widget\" data-widget_type=\"heading.default\">\n\t\t\t\t<div class=\"elementor-widget-container\">\n\t\t\t\t\t<h2 class=\"elementor-heading-title elementor-size-default\">Patronato<\/h2>\t\t\t\t<\/div>\n\t\t\t\t<\/div>\n\t\t\t\t<div class=\"elementor-element elementor-element-c974e5c elementor-widget-divider--view-line elementor-widget elementor-widget-divider\" data-id=\"c974e5c\" data-element_type=\"widget\" data-widget_type=\"divider.default\">\n\t\t\t\t<div class=\"elementor-widget-container\">\n\t\t\t\t\t\t\t<div class=\"elementor-divider\">\n\t\t\t<span class=\"elementor-divider-separator\">\n\t\t\t\t\t\t<\/span>\n\t\t<\/div>\n\t\t\t\t\t\t<\/div>\n\t\t\t\t<\/div>\n\t\t\t\t<div class=\"elementor-element elementor-element-e2ebd84 elementor-widget elementor-widget-text-editor\" data-id=\"e2ebd84\" data-element_type=\"widget\" data-widget_type=\"text-editor.default\">\n\t\t\t\t<div class=\"elementor-widget-container\">\n\t\t\t\t\t\t\t\t\t<p>La fundaci\u00f3n o patronato la componen:<\/p><p>APROHOM: AMIGOS DEL PROYECTO HOMBRE<\/p><p>OBISPADO DE JEREZ-ASIDONIA<\/p><p>ASOCIACI\u00d3N COMETA<\/p><p>AYUNTAMIENTO DE JEREZ<\/p>\t\t\t\t\t\t\t\t<\/div>\n\t\t\t\t<\/div>\n\t\t\t\t\t<\/div>\n\t\t<\/div>\n\t\t\t\t<div class=\"elementor-column elementor-col-50 elementor-top-column elementor-element elementor-element-8300b75\" data-id=\"8300b75\" data-element_type=\"column\">\n\t\t\t<div class=\"elementor-widget-wrap elementor-element-populated\">\n\t\t\t\t\t\t<div class=\"elementor-element elementor-element-d3d3276 elementor-widget elementor-widget-image\" data-id=\"d3d3276\" data-element_type=\"widget\" data-widget_type=\"image.default\">\n\t\t\t\t<div class=\"elementor-widget-container\">\n\t\t\t\t\t\t\t\t\t\t\t\t\t\t\t<img fetchpriority=\"high\" decoding=\"async\" width=\"1024\" height=\"576\" src=\"https:\/\/www.proyectohombreprovinciacadiz.org\/wp-content\/uploads\/2020\/12\/PATRONATO-1024x576.jpg\" class=\"attachment-large size-large wp-image-1403\" alt=\"\" srcset=\"https:\/\/www.proyectohombreprovinciacadiz.org\/wp-content\/uploads\/2020\/12\/PATRONATO-1024x576.jpg 1024w, https:\/\/www.proyectohombreprovinciacadiz.org\/wp-content\/uploads\/2020\/12\/PATRONATO-300x169.jpg 300w, https:\/\/www.proyectohombreprovinciacadiz.org\/wp-content\/uploads\/2020\/12\/PATRONATO-768x432.jpg 768w, https:\/\/www.proyectohombreprovinciacadiz.org\/wp-content\/uploads\/2020\/12\/PATRONATO-1536x864.jpg 1536w, https:\/\/www.proyectohombreprovinciacadiz.org\/wp-content\/uploads\/2020\/12\/PATRONATO.jpg 1920w\" sizes=\"(max-width: 1024px) 100vw, 1024px\" \/>\t\t\t\t\t\t\t\t\t\t\t\t\t\t\t<\/div>\n\t\t\t\t<\/div>\n\t\t\t\t\t<\/div>\n\t\t<\/div>\n\t\t\t\t\t<\/div>\n\t\t<\/section>\n\t\t\t\t<section class=\"elementor-section elementor-top-section elementor-element elementor-element-cbb724b elementor-section-boxed elementor-section-height-default elementor-section-height-default\" data-id=\"cbb724b\" data-element_type=\"section\" data-settings=\"{&quot;jet_parallax_layout_list&quot;:[{&quot;jet_parallax_layout_image&quot;:{&quot;url&quot;:&quot;&quot;,&quot;id&quot;:&quot;&quot;,&quot;size&quot;:&quot;&quot;},&quot;_id&quot;:&quot;fbd4225&quot;,&quot;jet_parallax_layout_image_tablet&quot;:{&quot;url&quot;:&quot;&quot;,&quot;id&quot;:&quot;&quot;,&quot;size&quot;:&quot;&quot;},&quot;jet_parallax_layout_image_mobile&quot;:{&quot;url&quot;:&quot;&quot;,&quot;id&quot;:&quot;&quot;,&quot;size&quot;:&quot;&quot;},&quot;jet_parallax_layout_speed&quot;:{&quot;unit&quot;:&quot;%&quot;,&quot;size&quot;:50,&quot;sizes&quot;:[]},&quot;jet_parallax_layout_type&quot;:&quot;scroll&quot;,&quot;jet_parallax_layout_direction&quot;:null,&quot;jet_parallax_layout_fx_direction&quot;:null,&quot;jet_parallax_layout_z_index&quot;:&quot;&quot;,&quot;jet_parallax_layout_bg_x&quot;:50,&quot;jet_parallax_layout_bg_x_tablet&quot;:&quot;&quot;,&quot;jet_parallax_layout_bg_x_mobile&quot;:&quot;&quot;,&quot;jet_parallax_layout_bg_y&quot;:50,&quot;jet_parallax_layout_bg_y_tablet&quot;:&quot;&quot;,&quot;jet_parallax_layout_bg_y_mobile&quot;:&quot;&quot;,&quot;jet_parallax_layout_bg_size&quot;:&quot;auto&quot;,&quot;jet_parallax_layout_bg_size_tablet&quot;:&quot;&quot;,&quot;jet_parallax_layout_bg_size_mobile&quot;:&quot;&quot;,&quot;jet_parallax_layout_animation_prop&quot;:&quot;transform&quot;,&quot;jet_parallax_layout_on&quot;:[&quot;desktop&quot;,&quot;tablet&quot;]}]}\">\n\t\t\t\t\t\t<div class=\"elementor-container elementor-column-gap-default\">\n\t\t\t\t\t<div class=\"elementor-column elementor-col-100 elementor-top-column elementor-element elementor-element-73100c8\" data-id=\"73100c8\" data-element_type=\"column\">\n\t\t\t<div class=\"elementor-widget-wrap elementor-element-populated\">\n\t\t\t\t\t\t<div class=\"elementor-element elementor-element-d978daa elementor-widget elementor-widget-text-editor\" data-id=\"d978daa\" data-element_type=\"widget\" data-widget_type=\"text-editor.default\">\n\t\t\t\t<div class=\"elementor-widget-container\">\n\t\t\t\t\t\t\t\t\t<p>\u00a0<\/p><table width=\"603\"><tbody><tr><td width=\"262\"><p><strong>Nombre y Apellido<\/strong><\/p><\/td><td width=\"170\"><p><strong>Cargo<\/strong><\/p><\/td><td width=\"170\"><p><strong>Entidad<\/strong><\/p><\/td><\/tr><tr><td width=\"262\"><p>Antonio Navarro Ant\u00f3n<\/p><\/td><td width=\"170\"><p>Presidente<\/p><\/td><td width=\"170\"><p>Aprohom<\/p><\/td><\/tr><tr><td width=\"262\"><p>Francisco Domouso Mart\u00ednez<\/p><\/td><td width=\"170\"><p>Vicepresidente<\/p><\/td><td width=\"170\"><p>Obispado de Jerez<\/p><\/td><\/tr><tr><td width=\"262\"><p>Francisco Serrano Duarte<\/p><\/td><td width=\"170\"><p>Secretario<\/p><\/td><td width=\"170\"><p>Aprohom<\/p><\/td><\/tr><tr><td width=\"262\"><p>Luis B. Bononato V\u00e1zquez<\/p><\/td><td width=\"170\"><p>Vocal<\/p><\/td><td width=\"170\"><p>Proyecto Hombre<\/p><\/td><\/tr><tr><td width=\"262\"><p>Juan Panal P\u00e9rez<\/p><\/td><td width=\"170\"><p>Vocal<\/p><\/td><td width=\"170\"><p>Cometa<\/p><\/td><\/tr><tr><td width=\"262\"><p>Jose Antonio Navarro Mu\u00f1oz<\/p><\/td><td width=\"170\"><p>Vocal<\/p><\/td><td width=\"170\"><p>Cometa<\/p><\/td><\/tr><tr><td width=\"262\"><p>Carmen Collado Jim\u00e9nez<\/p><\/td><td width=\"170\"><p>Vocal<\/p><\/td><td width=\"170\"><p>Ayto de Jerez<\/p><\/td><\/tr><tr><td width=\"262\"><p>Emilia Rosa Cardona<\/p><\/td><td width=\"170\"><p>Vocal<\/p><\/td><td width=\"170\"><p>Ayto de Jerez<\/p><\/td><\/tr><tr><td width=\"262\"><p>Monserrat Fernando Mar\u00edn<\/p><\/td><td width=\"170\"><p>Vocal<\/p><\/td><td width=\"170\"><p>Ayto de Jerez<\/p><\/td><\/tr><tr><td width=\"262\"><p>Antonio Luis Barrera Ortega<\/p><\/td><td width=\"170\"><p>Vocal<\/p><\/td><td width=\"170\"><p>Aprohom<\/p><\/td><\/tr><tr><td width=\"262\"><p>Juan de los R\u00edos Cornejo<\/p><\/td><td width=\"170\"><p>Vocal<\/p><\/td><td width=\"170\"><p>Obispado de Jerez<\/p><\/td><\/tr><tr><td width=\"262\"><p>Juan P\u00e9rez Gonz\u00e1lez<\/p><\/td><td width=\"170\"><p>Vocal<\/p><\/td><td width=\"170\"><p>Obispado de Jerez<\/p><\/td><\/tr><\/tbody><\/table>\t\t\t\t\t\t\t\t<\/div>\n\t\t\t\t<\/div>\n\t\t\t\t\t<\/div>\n\t\t<\/div>\n\t\t\t\t\t<\/div>\n\t\t<\/section>\n\t\t\t\t<\/div>\n\t\t","protected":false},"excerpt":{"rendered":"<p>Patronato La fundaci\u00f3n o patronato la componen: APROHOM: AMIGOS DEL PROYECTO HOMBRE OBISPADO DE JEREZ-ASIDONIA ASOCIACI\u00d3N COMETA AYUNTAMIENTO DE JEREZ \u00a0 Nombre y Apellido Cargo Entidad Antonio Navarro Ant\u00f3n Presidente Aprohom Francisco Domouso Mart\u00ednez Vicepresidente Obispado de Jerez Francisco Serrano Duarte Secretario Aprohom Luis B. Bononato V\u00e1zquez Vocal Proyecto Hombre Juan Panal P\u00e9rez Vocal Cometa &#8230; <a title=\"Patronato\" class=\"read-more\" href=\"https:\/\/www.proyectohombreprovinciacadiz.org\/index.php\/patronato\/\" aria-label=\"M\u00e1s en Patronato\">Leer m\u00e1s<\/a><\/p>\n","protected":false},"author":1,"featured_media":0,"parent":0,"menu_order":0,"comment_status":"closed","ping_status":"closed","template":"elementor_header_footer","meta":{"footnotes":""},"class_list":["post-1521","page","type-page","status-publish"],"_links":{"self":[{"href":"https:\/\/www.proyectohombreprovinciacadiz.org\/index.php\/wp-json\/wp\/v2\/pages\/1521","targetHints":{"allow":["GET"]}}],"collection":[{"href":"https:\/\/www.proyectohombreprovinciacadiz.org\/index.php\/wp-json\/wp\/v2\/pages"}],"about":[{"href":"https:\/\/www.proyectohombreprovinciacadiz.org\/index.php\/wp-json\/wp\/v2\/types\/page"}],"author":[{"embeddable":true,"href":"https:\/\/www.proyectohombreprovinciacadiz.org\/index.php\/wp-json\/wp\/v2\/users\/1"}],"replies":[{"embeddable":true,"href":"https:\/\/www.proyectohombreprovinciacadiz.org\/index.php\/wp-json\/wp\/v2\/comments?post=1521"}],"version-history":[{"count":10,"href":"https:\/\/www.proyectohombreprovinciacadiz.org\/index.php\/wp-json\/wp\/v2\/pages\/1521\/revisions"}],"predecessor-version":[{"id":1537,"href":"https:\/\/www.proyectohombreprovinciacadiz.org\/index.php\/wp-json\/wp\/v2\/pages\/1521\/revisions\/1537"}],"wp:attachment":[{"href":"https:\/\/www.proyectohombreprovinciacadiz.org\/index.php\/wp-json\/wp\/v2\/media?parent=1521"}],"curies":[{"name":"wp","href":"https:\/\/api.w.org\/{rel}","templated":true}]}}

<div data-elementor-type="wp-page" data-elementor-id="1521" class="elementor elementor-1521" data-elementor-post-type="page">
						<section class="elementor-section elementor-top-section elementor-element elementor-element-c45cc97 elementor-section-boxed elementor-section-height-default elementor-section-height-default" data-id="c45cc97" data-element_type="section" data-settings="{&quot;jet_parallax_layout_list&quot;:[{&quot;jet_parallax_layout_image&quot;:{&quot;url&quot;:&quot;&quot;,&quot;id&quot;:&quot;&quot;,&quot;size&quot;:&quot;&quot;},&quot;_id&quot;:&quot;6ee5d87&quot;,&quot;jet_parallax_layout_image_tablet&quot;:{&quot;url&quot;:&quot;&quot;,&quot;id&quot;:&quot;&quot;,&quot;size&quot;:&quot;&quot;},&quot;jet_parallax_layout_image_mobile&quot;:{&quot;url&quot;:&quot;&quot;,&quot;id&quot;:&quot;&quot;,&quot;size&quot;:&quot;&quot;},&quot;jet_parallax_layout_speed&quot;:{&quot;unit&quot;:&quot;%&quot;,&quot;size&quot;:50,&quot;sizes&quot;:[]},&quot;jet_parallax_layout_type&quot;:&quot;scroll&quot;,&quot;jet_parallax_layout_direction&quot;:null,&quot;jet_parallax_layout_fx_direction&quot;:null,&quot;jet_parallax_layout_z_index&quot;:&quot;&quot;,&quot;jet_parallax_layout_bg_x&quot;:50,&quot;jet_parallax_layout_bg_x_tablet&quot;:&quot;&quot;,&quot;jet_parallax_layout_bg_x_mobile&quot;:&quot;&quot;,&quot;jet_parallax_layout_bg_y&quot;:50,&quot;jet_parallax_layout_bg_y_tablet&quot;:&quot;&quot;,&quot;jet_parallax_layout_bg_y_mobile&quot;:&quot;&quot;,&quot;jet_parallax_layout_bg_size&quot;:&quot;auto&quot;,&quot;jet_parallax_layout_bg_size_tablet&quot;:&quot;&quot;,&quot;jet_parallax_layout_bg_size_mobile&quot;:&quot;&quot;,&quot;jet_parallax_layout_animation_prop&quot;:&quot;transform&quot;,&quot;jet_parallax_layout_on&quot;:[&quot;desktop&quot;,&quot;tablet&quot;]}]}">
						<div class="elementor-container elementor-column-gap-default">
					<div class="elementor-column elementor-col-50 elementor-top-column elementor-element elementor-element-45901dd" data-id="45901dd" data-element_type="column">
			<div class="elementor-widget-wrap elementor-element-populated">
						<div class="elementor-element elementor-element-7051e7c elementor-widget elementor-widget-heading" data-id="7051e7c" data-element_type="widget" data-widget_type="heading.default">
				<div class="elementor-widget-container">
					<h2 class="elementor-heading-title elementor-size-default">Patronato</h2>				</div>
				</div>
				<div class="elementor-element elementor-element-c974e5c elementor-widget-divider--view-line elementor-widget elementor-widget-divider" data-id="c974e5c" data-element_type="widget" data-widget_type="divider.default">
				<div class="elementor-widget-container">
							<div class="elementor-divider">
			<span class="elementor-divider-separator">
						</span>
		</div>
						</div>
				</div>
				<div class="elementor-element elementor-element-e2ebd84 elementor-widget elementor-widget-text-editor" data-id="e2ebd84" data-element_type="widget" data-widget_type="text-editor.default">
				<div class="elementor-widget-container">
									<p>La fundación o patronato la componen:</p><p>APROHOM: AMIGOS DEL PROYECTO HOMBRE</p><p>OBISPADO DE JEREZ-ASIDONIA</p><p>ASOCIACIÓN COMETA</p><p>AYUNTAMIENTO DE JEREZ</p>								</div>
				</div>
					</div>
		</div>
				<div class="elementor-column elementor-col-50 elementor-top-column elementor-element elementor-element-8300b75" data-id="8300b75" data-element_type="column">
			<div class="elementor-widget-wrap elementor-element-populated">
						<div class="elementor-element elementor-element-d3d3276 elementor-widget elementor-widget-image" data-id="d3d3276" data-element_type="widget" data-widget_type="image.default">
				<div class="elementor-widget-container">
															<img fetchpriority="high" decoding="async" width="1024" height="576" src="https://www.proyectohombreprovinciacadiz.org/wp-content/uploads/2020/12/PATRONATO-1024x576.jpg" class="attachment-large size-large wp-image-1403" alt="" srcset="https://www.proyectohombreprovinciacadiz.org/wp-content/uploads/2020/12/PATRONATO-1024x576.jpg 1024w, https://www.proyectohombreprovinciacadiz.org/wp-content/uploads/2020/12/PATRONATO-300x169.jpg 300w, https://www.proyectohombreprovinciacadiz.org/wp-content/uploads/2020/12/PATRONATO-768x432.jpg 768w, https://www.proyectohombreprovinciacadiz.org/wp-content/uploads/2020/12/PATRONATO-1536x864.jpg 1536w, https://www.proyectohombreprovinciacadiz.org/wp-content/uploads/2020/12/PATRONATO.jpg 1920w" sizes="(max-width: 1024px) 100vw, 1024px" />															</div>
				</div>
					</div>
		</div>
					</div>
		</section>
				<section class="elementor-section elementor-top-section elementor-element elementor-element-cbb724b elementor-section-boxed elementor-section-height-default elementor-section-height-default" data-id="cbb724b" data-element_type="section" data-settings="{&quot;jet_parallax_layout_list&quot;:[{&quot;jet_parallax_layout_image&quot;:{&quot;url&quot;:&quot;&quot;,&quot;id&quot;:&quot;&quot;,&quot;size&quot;:&quot;&quot;},&quot;_id&quot;:&quot;fbd4225&quot;,&quot;jet_parallax_layout_image_tablet&quot;:{&quot;url&quot;:&quot;&quot;,&quot;id&quot;:&quot;&quot;,&quot;size&quot;:&quot;&quot;},&quot;jet_parallax_layout_image_mobile&quot;:{&quot;url&quot;:&quot;&quot;,&quot;id&quot;:&quot;&quot;,&quot;size&quot;:&quot;&quot;},&quot;jet_parallax_layout_speed&quot;:{&quot;unit&quot;:&quot;%&quot;,&quot;size&quot;:50,&quot;sizes&quot;:[]},&quot;jet_parallax_layout_type&quot;:&quot;scroll&quot;,&quot;jet_parallax_layout_direction&quot;:null,&quot;jet_parallax_layout_fx_direction&quot;:null,&quot;jet_parallax_layout_z_index&quot;:&quot;&quot;,&quot;jet_parallax_layout_bg_x&quot;:50,&quot;jet_parallax_layout_bg_x_tablet&quot;:&quot;&quot;,&quot;jet_parallax_layout_bg_x_mobile&quot;:&quot;&quot;,&quot;jet_parallax_layout_bg_y&quot;:50,&quot;jet_parallax_layout_bg_y_tablet&quot;:&quot;&quot;,&quot;jet_parallax_layout_bg_y_mobile&quot;:&quot;&quot;,&quot;jet_parallax_layout_bg_size&quot;:&quot;auto&quot;,&quot;jet_parallax_layout_bg_size_tablet&quot;:&quot;&quot;,&quot;jet_parallax_layout_bg_size_mobile&quot;:&quot;&quot;,&quot;jet_parallax_layout_animation_prop&quot;:&quot;transform&quot;,&quot;jet_parallax_layout_on&quot;:[&quot;desktop&quot;,&quot;tablet&quot;]}]}">
						<div class="elementor-container elementor-column-gap-default">
					<div class="elementor-column elementor-col-100 elementor-top-column elementor-element elementor-element-73100c8" data-id="73100c8" data-element_type="column">
			<div class="elementor-widget-wrap elementor-element-populated">
						<div class="elementor-element elementor-element-d978daa elementor-widget elementor-widget-text-editor" data-id="d978daa" data-element_type="widget" data-widget_type="text-editor.default">
				<div class="elementor-widget-container">
									<p> </p><table width="603"><tbody><tr><td width="262"><p><strong>Nombre y Apellido</strong></p></td><td width="170"><p><strong>Cargo</strong></p></td><td width="170"><p><strong>Entidad</strong></p></td></tr><tr><td width="262"><p>Antonio Navarro Antón</p></td><td width="170"><p>Presidente</p></td><td width="170"><p>Aprohom</p></td></tr><tr><td width="262"><p>Francisco Domouso Martínez</p></td><td width="170"><p>Vicepresidente</p></td><td width="170"><p>Obispado de Jerez</p></td></tr><tr><td width="262"><p>Francisco Serrano Duarte</p></td><td width="170"><p>Secretario</p></td><td width="170"><p>Aprohom</p></td></tr><tr><td width="262"><p>Luis B. Bononato Vázquez</p></td><td width="170"><p>Vocal</p></td><td width="170"><p>Proyecto Hombre</p></td></tr><tr><td width="262"><p>Juan Panal Pérez</p></td><td width="170"><p>Vocal</p></td><td width="170"><p>Cometa</p></td></tr><tr><td width="262"><p>Jose Antonio Navarro Muñoz</p></td><td width="170"><p>Vocal</p></td><td width="170"><p>Cometa</p></td></tr><tr><td width="262"><p>Carmen Collado Jiménez</p></td><td width="170"><p>Vocal</p></td><td width="170"><p>Ayto de Jerez</p></td></tr><tr><td width="262"><p>Emilia Rosa Cardona</p></td><td width="170"><p>Vocal</p></td><td width="170"><p>Ayto de Jerez</p></td></tr><tr><td width="262"><p>Monserrat Fernando Marín</p></td><td width="170"><p>Vocal</p></td><td width="170"><p>Ayto de Jerez</p></td></tr><tr><td width="262"><p>Antonio Luis Barrera Ortega</p></td><td width="170"><p>Vocal</p></td><td width="170"><p>Aprohom</p></td></tr><tr><td width="262"><p>Juan de los Ríos Cornejo</p></td><td width="170"><p>Vocal</p></td><td width="170"><p>Obispado de Jerez</p></td></tr><tr><td width="262"><p>Juan Pérez González</p></td><td width="170"><p>Vocal</p></td><td width="170"><p>Obispado de Jerez</p></td></tr></tbody></table>								</div>
				</div>
					</div>
		</div>
					</div>
		</section>
				</div>

<p>Patronato La fundación o patronato la componen: APROHOM: AMIGOS DEL PROYECTO HOMBRE OBISPADO DE JEREZ-ASIDONIA ASOCIACIÓN COMETA AYUNTAMIENTO DE JEREZ   Nombre y Apellido Cargo Entidad Antonio Navarro Antón Presidente Aprohom Francisco Domouso Martínez Vicepresidente Obispado de Jerez Francisco Serrano Duarte Secretario Aprohom Luis B. Bononato Vázquez Vocal Proyecto Hombre Juan Panal Pérez Vocal Cometa &#8230; <a title="Patronato" class="read-more" href="https://www.proyectohombreprovinciacadiz.org/index.php/patronato/" aria-label="Más en Patronato">Leer más</a></p>
