{"id":3,"date":"2019-06-06T11:11:39","date_gmt":"2019-06-06T09:11:39","guid":{"rendered":"http:\/\/www.proyectohombreprovinciacadiz.org\/?page_id=3"},"modified":"2025-06-02T11:50:30","modified_gmt":"2025-06-02T09:50:30","slug":"politica-datos","status":"publish","type":"page","link":"https:\/\/www.proyectohombreprovinciacadiz.org\/index.php\/politica-datos\/","title":{"rendered":"Pol\u00edtica de privacidad"},"content":{"rendered":"\t\t<div data-elementor-type=\"wp-page\" data-elementor-id=\"3\" class=\"elementor elementor-3\" data-elementor-post-type=\"page\">\n\t\t\t\t\t\t<section class=\"elementor-section elementor-top-section elementor-element elementor-element-1a83be1 elementor-section-boxed elementor-section-height-default elementor-section-height-default\" data-id=\"1a83be1\" data-element_type=\"section\" data-settings=\"{&quot;jet_parallax_layout_list&quot;:[{&quot;jet_parallax_layout_image&quot;:{&quot;url&quot;:&quot;&quot;,&quot;id&quot;:&quot;&quot;,&quot;size&quot;:&quot;&quot;},&quot;_id&quot;:&quot;46e216b&quot;,&quot;jet_parallax_layout_image_tablet&quot;:{&quot;url&quot;:&quot;&quot;,&quot;id&quot;:&quot;&quot;,&quot;size&quot;:&quot;&quot;},&quot;jet_parallax_layout_image_mobile&quot;:{&quot;url&quot;:&quot;&quot;,&quot;id&quot;:&quot;&quot;,&quot;size&quot;:&quot;&quot;},&quot;jet_parallax_layout_speed&quot;:{&quot;unit&quot;:&quot;%&quot;,&quot;size&quot;:50,&quot;sizes&quot;:[]},&quot;jet_parallax_layout_type&quot;:&quot;scroll&quot;,&quot;jet_parallax_layout_direction&quot;:null,&quot;jet_parallax_layout_fx_direction&quot;:null,&quot;jet_parallax_layout_z_index&quot;:&quot;&quot;,&quot;jet_parallax_layout_bg_x&quot;:50,&quot;jet_parallax_layout_bg_x_tablet&quot;:&quot;&quot;,&quot;jet_parallax_layout_bg_x_mobile&quot;:&quot;&quot;,&quot;jet_parallax_layout_bg_y&quot;:50,&quot;jet_parallax_layout_bg_y_tablet&quot;:&quot;&quot;,&quot;jet_parallax_layout_bg_y_mobile&quot;:&quot;&quot;,&quot;jet_parallax_layout_bg_size&quot;:&quot;auto&quot;,&quot;jet_parallax_layout_bg_size_tablet&quot;:&quot;&quot;,&quot;jet_parallax_layout_bg_size_mobile&quot;:&quot;&quot;,&quot;jet_parallax_layout_animation_prop&quot;:&quot;transform&quot;,&quot;jet_parallax_layout_on&quot;:[&quot;desktop&quot;,&quot;tablet&quot;]}]}\">\n\t\t\t\t\t\t<div class=\"elementor-container elementor-column-gap-default\">\n\t\t\t\t\t<div class=\"elementor-column elementor-col-100 elementor-top-column elementor-element elementor-element-fd704b4\" data-id=\"fd704b4\" data-element_type=\"column\">\n\t\t\t<div class=\"elementor-widget-wrap elementor-element-populated\">\n\t\t\t\t\t\t<div class=\"elementor-element elementor-element-14d43f5 elementor-widget elementor-widget-text-editor\" data-id=\"14d43f5\" data-element_type=\"widget\" data-widget_type=\"text-editor.default\">\n\t\t\t\t<div class=\"elementor-widget-container\">\n\t\t\t\t\t\t\t\t\t<p>INFORMACI\u00d3N REFERENTE AL TRATAMIENTO Y PROTECCI\u00d3N DE LOS DATOS PERSONALES.<\/p>\n<p>El CENTRO ESPA\u00d1OL DE SOLIDARIDAD JEREZ (CESJE) no recabar\u00e1 datos personales de los usuarios sin su consentimiento.<\/p>\n<p>La informaci\u00f3n que CENTRO ESPA\u00d1OL DE SOLIDARIDAD JEREZ (CESJE) recibe de los usuarios del sitio web se trata de forma confidencial y con estricto cumplimiento de la normativa reguladora de la protecci\u00f3n de datos de car\u00e1cter personal.<\/p>\n<p>Los datos que sean suministrados por los usuarios ser\u00e1n objeto de tratamiento y pueden ser incorporados a un fichero de datos personales.<\/p>\n<p>La recogida de datos se realizar\u00e1 mediante la p\u00e1gina de CONTACTO de la web: https:\/\/www.proyectohombreprovinciacadiz.org a trav\u00e9s de correo electr\u00f3nico o env\u00edo de fax que aparece en la misma. Con dicho env\u00edo el usuario consiente y acepta de forma expresa que sus datos pasen a formar parte del fichero automatizado y que sean utilizados con fines de env\u00edo de informaci\u00f3n. Se entender\u00e1 que el acceso o la mera utilizaci\u00f3n del Sitio Web por parte del Usuario implica la adhesi\u00f3n de \u00e9ste a las Condiciones Generales de Protecci\u00f3n de Datos que tenga publicadas en cada momento en el que acceda al Sitio Web y que estar\u00e1n disponibles para los Usuarios. En consecuencia, el Usuario debe leer atentamente estas Condiciones Generales repartidas en las cl\u00e1usulas AVISO LEGAL y POL\u00cdTICA DE PRIVACIDAD cada vez que acceda al Sitio Web.<\/p>\n<p>El responsable del tratamiento es CENTRO ESPA\u00d1OL DE SOLIDARIDAD JEREZ (CESJE), con domicilio en Jerez de la Frontera, Prolongaci\u00f3n calle Pizarro, 24, 11407, direcci\u00f3n de correo electr\u00f3nico y CIF G-11631686.<\/p>\n<p>Las finalidades del tratamiento son:<br>La resoluci\u00f3n de la consulta que Ud. plantee.<br>La gesti\u00f3n de la fundaci\u00f3n y de las actividades que organiza.<br>La de mantener la agenda de contacto<br>La de suministrar informaci\u00f3n sobre los servicios y actividades de la fundaci\u00f3n.<\/p>\n<p>. La Fundaci\u00f3n conservar\u00e1 los datos personales mientras sea necesario para prestar los servicios o atender las solicitudes de los Usuarios y, en todo caso, por los periodos legalmente previstos para cada caso.<br>La legitimaci\u00f3n para el tratamiento de los datos personales viene del consentimiento prestado por el usuario, o, en su caso de la necesidad de satisfacer de intereses leg\u00edtimos perseguidos por el responsable del tratamiento o por un tercero<\/p>\n<p>Los datos no ser\u00e1n facilitados a ninguna persona o entidad, excepto en los casos que sea autorizado por el interesado o se cuente con autorizaci\u00f3n mediante disposici\u00f3n legal. El responsable del tratamiento no ceder\u00e1 sus datos para su utilizaci\u00f3n con fines comerciales.<\/p>\n<p>El usuario tiene los siguientes derechos:<br>&#8211; Derecho a solicitar el acceso a los datos personales relativos al interesado<br>&#8211; Derecho a solicitar su rectificaci\u00f3n o supresi\u00f3n<br>&#8211; Derecho a solicitar la limitaci\u00f3n de su tratamiento<br>&#8211; Derecho a oponerse al tratamiento<br>&#8211; Derecho a la portabilidad de los datos<\/p>\n<p>El usuario tiene tambi\u00e9n derecho a retirar el consentimiento prestado para el tratamiento de los datos y a presentar reclamaci\u00f3n ante la autoridad de control en caso de afectaci\u00f3n de sus derechos.<\/p>\n<p>El usuario puede ejercer sus derechos en cualquier momento comunic\u00e1ndose al responsable del tratamiento mediante carta o mensaje de correo electr\u00f3nico dirigidas a las siguientes direcciones: Postal: Jerez de la Frontera, Prolongaci\u00f3n calle Pizarro, 24, 11407. Electr\u00f3nica: prot_datosphcadiz@hotmail.com.<\/p>\t\t\t\t\t\t\t\t<\/div>\n\t\t\t\t<\/div>\n\t\t\t\t\t<\/div>\n\t\t<\/div>\n\t\t\t\t\t<\/div>\n\t\t<\/section>\n\t\t\t\t<\/div>\n\t\t","protected":false},"excerpt":{"rendered":"<p>INFORMACI\u00d3N REFERENTE AL TRATAMIENTO Y PROTECCI\u00d3N DE LOS DATOS PERSONALES. El CENTRO ESPA\u00d1OL DE SOLIDARIDAD JEREZ (CESJE) no recabar\u00e1 datos personales de los usuarios sin su consentimiento. La informaci\u00f3n que CENTRO ESPA\u00d1OL DE SOLIDARIDAD JEREZ (CESJE) recibe de los usuarios del sitio web se trata de forma confidencial y con estricto cumplimiento de la normativa &#8230; <a title=\"Pol\u00edtica de privacidad\" class=\"read-more\" href=\"https:\/\/www.proyectohombreprovinciacadiz.org\/index.php\/politica-datos\/\" aria-label=\"M\u00e1s en Pol\u00edtica de privacidad\">Leer m\u00e1s<\/a><\/p>\n","protected":false},"author":1,"featured_media":0,"parent":0,"menu_order":0,"comment_status":"closed","ping_status":"open","template":"","meta":{"footnotes":""},"class_list":["post-3","page","type-page","status-publish"],"_links":{"self":[{"href":"https:\/\/www.proyectohombreprovinciacadiz.org\/index.php\/wp-json\/wp\/v2\/pages\/3","targetHints":{"allow":["GET"]}}],"collection":[{"href":"https:\/\/www.proyectohombreprovinciacadiz.org\/index.php\/wp-json\/wp\/v2\/pages"}],"about":[{"href":"https:\/\/www.proyectohombreprovinciacadiz.org\/index.php\/wp-json\/wp\/v2\/types\/page"}],"author":[{"embeddable":true,"href":"https:\/\/www.proyectohombreprovinciacadiz.org\/index.php\/wp-json\/wp\/v2\/users\/1"}],"replies":[{"embeddable":true,"href":"https:\/\/www.proyectohombreprovinciacadiz.org\/index.php\/wp-json\/wp\/v2\/comments?post=3"}],"version-history":[{"count":6,"href":"https:\/\/www.proyectohombreprovinciacadiz.org\/index.php\/wp-json\/wp\/v2\/pages\/3\/revisions"}],"predecessor-version":[{"id":4075,"href":"https:\/\/www.proyectohombreprovinciacadiz.org\/index.php\/wp-json\/wp\/v2\/pages\/3\/revisions\/4075"}],"wp:attachment":[{"href":"https:\/\/www.proyectohombreprovinciacadiz.org\/index.php\/wp-json\/wp\/v2\/media?parent=3"}],"curies":[{"name":"wp","href":"https:\/\/api.w.org\/{rel}","templated":true}]}}

Política de privacidad

<div data-elementor-type="wp-page" data-elementor-id="3" class="elementor elementor-3" data-elementor-post-type="page">
						<section class="elementor-section elementor-top-section elementor-element elementor-element-1a83be1 elementor-section-boxed elementor-section-height-default elementor-section-height-default" data-id="1a83be1" data-element_type="section" data-settings="{&quot;jet_parallax_layout_list&quot;:[{&quot;jet_parallax_layout_image&quot;:{&quot;url&quot;:&quot;&quot;,&quot;id&quot;:&quot;&quot;,&quot;size&quot;:&quot;&quot;},&quot;_id&quot;:&quot;46e216b&quot;,&quot;jet_parallax_layout_image_tablet&quot;:{&quot;url&quot;:&quot;&quot;,&quot;id&quot;:&quot;&quot;,&quot;size&quot;:&quot;&quot;},&quot;jet_parallax_layout_image_mobile&quot;:{&quot;url&quot;:&quot;&quot;,&quot;id&quot;:&quot;&quot;,&quot;size&quot;:&quot;&quot;},&quot;jet_parallax_layout_speed&quot;:{&quot;unit&quot;:&quot;%&quot;,&quot;size&quot;:50,&quot;sizes&quot;:[]},&quot;jet_parallax_layout_type&quot;:&quot;scroll&quot;,&quot;jet_parallax_layout_direction&quot;:null,&quot;jet_parallax_layout_fx_direction&quot;:null,&quot;jet_parallax_layout_z_index&quot;:&quot;&quot;,&quot;jet_parallax_layout_bg_x&quot;:50,&quot;jet_parallax_layout_bg_x_tablet&quot;:&quot;&quot;,&quot;jet_parallax_layout_bg_x_mobile&quot;:&quot;&quot;,&quot;jet_parallax_layout_bg_y&quot;:50,&quot;jet_parallax_layout_bg_y_tablet&quot;:&quot;&quot;,&quot;jet_parallax_layout_bg_y_mobile&quot;:&quot;&quot;,&quot;jet_parallax_layout_bg_size&quot;:&quot;auto&quot;,&quot;jet_parallax_layout_bg_size_tablet&quot;:&quot;&quot;,&quot;jet_parallax_layout_bg_size_mobile&quot;:&quot;&quot;,&quot;jet_parallax_layout_animation_prop&quot;:&quot;transform&quot;,&quot;jet_parallax_layout_on&quot;:[&quot;desktop&quot;,&quot;tablet&quot;]}]}">
						<div class="elementor-container elementor-column-gap-default">
					<div class="elementor-column elementor-col-100 elementor-top-column elementor-element elementor-element-fd704b4" data-id="fd704b4" data-element_type="column">
			<div class="elementor-widget-wrap elementor-element-populated">
						<div class="elementor-element elementor-element-14d43f5 elementor-widget elementor-widget-text-editor" data-id="14d43f5" data-element_type="widget" data-widget_type="text-editor.default">
				<div class="elementor-widget-container">
									<p>INFORMACIÓN REFERENTE AL TRATAMIENTO Y PROTECCIÓN DE LOS DATOS PERSONALES.</p>
<p>El CENTRO ESPAÑOL DE SOLIDARIDAD JEREZ (CESJE) no recabará datos personales de los usuarios sin su consentimiento.</p>
<p>La información que CENTRO ESPAÑOL DE SOLIDARIDAD JEREZ (CESJE) recibe de los usuarios del sitio web se trata de forma confidencial y con estricto cumplimiento de la normativa reguladora de la protección de datos de carácter personal.</p>
<p>Los datos que sean suministrados por los usuarios serán objeto de tratamiento y pueden ser incorporados a un fichero de datos personales.</p>
<p>La recogida de datos se realizará mediante la página de CONTACTO de la web: https://www.proyectohombreprovinciacadiz.org a través de correo electrónico o envío de fax que aparece en la misma. Con dicho envío el usuario consiente y acepta de forma expresa que sus datos pasen a formar parte del fichero automatizado y que sean utilizados con fines de envío de información. Se entenderá que el acceso o la mera utilización del Sitio Web por parte del Usuario implica la adhesión de éste a las Condiciones Generales de Protección de Datos que tenga publicadas en cada momento en el que acceda al Sitio Web y que estarán disponibles para los Usuarios. En consecuencia, el Usuario debe leer atentamente estas Condiciones Generales repartidas en las cláusulas AVISO LEGAL y POLÍTICA DE PRIVACIDAD cada vez que acceda al Sitio Web.</p>
<p>El responsable del tratamiento es CENTRO ESPAÑOL DE SOLIDARIDAD JEREZ (CESJE), con domicilio en Jerez de la Frontera, Prolongación calle Pizarro, 24, 11407, dirección de correo electrónico y CIF G-11631686.</p>
<p>Las finalidades del tratamiento son:<br>La resolución de la consulta que Ud. plantee.<br>La gestión de la fundación y de las actividades que organiza.<br>La de mantener la agenda de contacto<br>La de suministrar información sobre los servicios y actividades de la fundación.</p>
<p>. La Fundación conservará los datos personales mientras sea necesario para prestar los servicios o atender las solicitudes de los Usuarios y, en todo caso, por los periodos legalmente previstos para cada caso.<br>La legitimación para el tratamiento de los datos personales viene del consentimiento prestado por el usuario, o, en su caso de la necesidad de satisfacer de intereses legítimos perseguidos por el responsable del tratamiento o por un tercero</p>
<p>Los datos no serán facilitados a ninguna persona o entidad, excepto en los casos que sea autorizado por el interesado o se cuente con autorización mediante disposición legal. El responsable del tratamiento no cederá sus datos para su utilización con fines comerciales.</p>
<p>El usuario tiene los siguientes derechos:<br>&#8211; Derecho a solicitar el acceso a los datos personales relativos al interesado<br>&#8211; Derecho a solicitar su rectificación o supresión<br>&#8211; Derecho a solicitar la limitación de su tratamiento<br>&#8211; Derecho a oponerse al tratamiento<br>&#8211; Derecho a la portabilidad de los datos</p>
<p>El usuario tiene también derecho a retirar el consentimiento prestado para el tratamiento de los datos y a presentar reclamación ante la autoridad de control en caso de afectación de sus derechos.</p>
<p>El usuario puede ejercer sus derechos en cualquier momento comunicándose al responsable del tratamiento mediante carta o mensaje de correo electrónico dirigidas a las siguientes direcciones: Postal: Jerez de la Frontera, Prolongación calle Pizarro, 24, 11407. Electrónica: prot_datosphcadiz@hotmail.com.</p>								</div>
				</div>
					</div>
		</div>
					</div>
		</section>
				</div>

<p>INFORMACIÓN REFERENTE AL TRATAMIENTO Y PROTECCIÓN DE LOS DATOS PERSONALES. El CENTRO ESPAÑOL DE SOLIDARIDAD JEREZ (CESJE) no recabará datos personales de los usuarios sin su consentimiento. La información que CENTRO ESPAÑOL DE SOLIDARIDAD JEREZ (CESJE) recibe de los usuarios del sitio web se trata de forma confidencial y con estricto cumplimiento de la normativa &#8230; <a title="Política de privacidad" class="read-more" href="https://www.proyectohombreprovinciacadiz.org/index.php/politica-datos/" aria-label="Más en Política de privacidad">Leer más</a></p>
